uppose -4*f + 5*x = -383 + 1, 3*f = -2*x + 275. What is the tens digit of f?
9
Suppose -j - 2*q = -2*j + 553, -2222 = -4*j - 2*q. What is the hundreds digit of j?
5
Let p = -14 + 20. Let w be p/4*(-12)/6. What is the units digit of (4 - 11)*w/3?
7
Suppose 0 = 2*k - 4*f + 2*f - 412, 0 = -3*f + 15. Let j = k + -142. Let n = 97 - j. What is the tens digit of n?
2
Let y be 4/(12/129) - 3. Suppose v + 3*f + 0 = y, 3*v - 152 = -f. What is the units digit of v?
2
Let a(b) = -b**2 - 28*b + 33. Suppose -72*j = -73*j - 27. What is the units digit of a(j)?
0
Suppose 65 - 63 = -y, -5*s + 3*y = -12896. What is the tens digit of s?
7
Suppose 49*m = 78883 + 78603. What is the thousands digit of m?
3
Let o(r) be the second derivative of -r**5/20 + r**4/12 - r**3/2 - 2*r**2 + 10*r. Let w be o(-3). Suppose -17 + w = u. What is the units digit of u?
4
Let k(b) = -5*b**3 - 2*b**2 + 3*b - 10. Let a(h) = 4*h**3 + 2*h**2 - 3*h + 9. Let x(l) = -3*a(l) - 2*k(l). What is the units digit of x(-4)?
7
Let t = -53 - -26. Let o = -4 - t. What is the units digit of o?
3
Suppose 3*s + 5 = 50. Suppose -2*w = -4*z + 6, 4*z + 5*w + 4 - 3 = 0. Let k = s - z. What is the tens digit of k?
1
Let j(k) = -30*k + 11. Let c be j(9). Let r = 408 + c. What is the tens digit of r?
4
Suppose 4 = -14*o + 18*o. What is the units digit of (-24 + 5 + 1)*(o - 9)?
4
What is the tens digit of (9/(-18))/(8/(-37792))?
6
Let m(c) = -38*c + 2. Let k(u) = 13*u - 1. Let s(z) = 17*k(z) + 6*m(z). What is the tens digit of s(-6)?
3
Let u(r) = 11*r - 38. Suppose -2*p + 5 + 1 = 0, 5*p = -b + 26. What is the units digit of u(b)?
3
What is the units digit of 2*(-5)/6 - (-27200)/48?
5
Let l = 1096 - -721. What is the units digit of l?
7
Suppose -38 - 10 = -12*l. Suppose 3*n - l*n = -201. What is the tens digit of n?
0
Let n(b) = -7 + 5 - b - 4 + 5. Let s be n(1). What is the tens digit of (-3)/(s - 146/(-76))?
3
Let o be 28 + 2 + 1 + 0. Suppose 2*v = 1 + o. What is the units digit of (-5)/((-1 + -1)/v)?
0
Suppose -3*q = -5*y - 14 + 4, q - 4*y - 8 = 0. Suppose q = 3*h + 2*d + 2*d - 43, 0 = 3*h - d - 53. What is the tens digit of h?
1
Suppose -3*c - 4*b + 484 = -9*b, 516 = 3*c + 3*b. What is the units digit of c?
8
Suppose 15*u + 718 = 2*l + 14*u, -4*l - 2*u + 1452 = 0. What is the hundreds digit of l?
3
Let k be (-1)/3*(-69)/(-1). Let j = k + 15. What is the tens digit of (j - -3)/((-2)/10)?
2
Let s = -129 + 252. Let q = -103 + s. What is the units digit of q?
0
Let w(t) = -t**3 - 4*t**2 + 4*t. Let y be w(-5). Suppose 6 = -8*n + y*n. What is the units digit of (5 + n + -9)*-4?
4
Suppose -z = -2*p + 9, -p - 4*p = -2*z - 22. Let s(l) = 158*l**2 - 320*l**2 + 164*l**2 + 1. What is the units digit of s(z)?
3
Let b = 29 - -1164. What is the thousands digit of b?
1
Let v(y) = -86*y + 31. What is the tens digit of v(-4)?
7
Let o = -2012 - -3449. What is the tens digit of o?
3
Let n(h) = 27*h**2 - 4*h + 13. What is the units digit of n(5)?
8
Suppose -4*j - 3 - 5 = 0, 0 = -2*a - 2*j + 3700. What is the hundreds digit of a?
8
Let n be (-13)/(-3) + 5/(-15). Suppose h = 2, 121 = n*w + 5*h - 145. What is the tens digit of w?
6
Suppose 3*i = 2*i + 7. Suppose 177 = -i*r + 10*r. What is the units digit of r?
9
Suppose 0 = 5*h + 5*u + 9 - 29, 2*u - 8 = -h. What is the units digit of 145 - 0 - (-1 - (1 + h))?
7
Let b = -1489 - -4606. What is the units digit of b?
7
Let p = -4 + 31. Suppose p = 2*b + b + 3*u, -4*b + 5*u = -63. What is the tens digit of b?
1
What is the hundreds digit of (-4 - (-30)/9)/((-2)/1101)?
3
Let m(l) be the second derivative of l**3/2 + l**2 + 4*l. Let q be m(6). Let n = -12 + q. What is the units digit of n?
8
Let x(m) = 12*m**2 + 16*m - 27. What is the tens digit of x(3)?
2
Let s = 2866 - -1487. What is the tens digit of s?
5
Let p = 10 - 5. Let y = p + -8. What is the units digit of -1*(y - 26) + 0?
9
Let t be (-7 + 6)/(1/(-22)). Let y(m) = -6 - t*m + 17*m - 1. What is the units digit of y(-3)?
8
Suppose 2 = -m + 2*m. Suppose 14 + 1 = 5*b. What is the units digit of b/m*56/21?
4
Suppose -3*a + 32 = 2*u - a, -2*a = u - 21. Let o = 8 - u. Let r = 16 + o. What is the tens digit of r?
1
Let v = 1 - -3. Suppose 4*b + 3*g + 101 = 5*b, 4*b - 356 = -v*g. What is the tens digit of b?
9
Let n(x) = -x**3 - 12*x**2 + 3*x - 12. Let l be n(-14). Let k = -216 + l. What is the hundreds digit of k?
1
Let t(k) = -2*k**2 - 8*k - 3. Let f(z) = -z**2 - z - 1. Let v(h) = 3*f(h) - t(h). Let m be v(4). What is the units digit of (m/(-6))/((-2)/30)?
0
Let w(q) = -370*q - 569. What is the units digit of w(-7)?
1
Let j = -18 - -231. What is the units digit of j?
3
Let t(u) = 20*u**2 - 16 + 7*u + 21*u**2 - u**3 - 49*u**2. What is the units digit of t(-9)?
2
Suppose -27*d = -24*d - 2661. Suppose 5*s = -5, -5*v - 2*s - s = -d. What is the units digit of v?
8
Suppose -11*i = -10*i - 7. Let r be i - 6 - (-20 - 0). Let g = 29 - r. What is the units digit of g?
8
Let r(u) = 2*u**3 - 2*u + 406. Let p be r(0). Let z = p - 242. What is the hundreds digit of z?
1
Let i = -115 + 76. Let z = i - -114. What is the units digit of z?
5
Let i(b) = -b**3 - 4*b**2 - 5*b - 2. Let t be (4/2)/(14/(-21)). Let a be i(t). Let w = a + 3. What is the units digit of w?
7
Let c be 1*28*-3*13/(-6). Suppose 7*g = 5*g + c. What is the units digit of g?
1
Suppose 0*f = 5*f - 10. Let c be 2*f/(-4) - 70. What is the units digit of c/(-3) - 8/(-24)?
4
Suppose 0 = 8*o - 907 - 85. Let h = o - 64. What is the tens digit of h?
6
Let x = 12 + -12. What is the tens digit of 288/(x - -3) + (-2)/(-1)?
9
Let u(d) = 3*d**2 + 6*d - 13. Let h be u(2). Suppose h*k + 6300 = 29*k. What is the hundreds digit of k?
3
Suppose -339 = 3*o - 102. Let n = 151 + o. What is the tens digit of n?
7
Let z(s) = 3*s - 16. Suppose 1 + 59 = 5*y + 5*n, 0 = y + 3*n - 10. What is the tens digit of z(y)?
2
Let v = 31 - -62. What is the units digit of v?
3
Let n = -94 + 39. Let g = 21 - n. What is the units digit of g?
6
Suppose 1235 + 1007 = o + 5*n, -4*o = -n - 9010. What is the thousands digit of o?
2
Suppose 3*x - 4*x = 35. Let r be 4/(-14) - 360/x. Let i = r - -1. What is the units digit of i?
1
Suppose 12*s = 13*s - 27. Suppose s*f = 23*f + 312. What is the tens digit of f?
7
Let i = 79 - 79. Suppose 3*m + 2*w - 122 = i, -5*m + 72 = -3*m - w. What is the units digit of m?
8
Let r(v) be the second derivative of 5*v**4/6 + v**2/2 + 20*v. What is the tens digit of r(2)?
4
Suppose -877 = -m - s, 0 = 4*s - 7*s + 9. What is the hundreds digit of m?
8
Let n(j) be the third derivative of 1/12*j**4 - 6*j**2 + 7/6*j**3 + 0 + 0*j. What is the units digit of n(5)?
7
What is the units digit of 474/7*(-70)/(-15)?
6
Let j be 9/(-2)*(-1472)/6. Let i be j/(-20) - 1/(-5). Let p = 109 + i. What is the tens digit of p?
5
Suppose 7*o - 2*p - 213 = 2*o, 0 = -3*o + p + 128. Suppose -5 = -g + 62. Let y = g - o. What is the tens digit of y?
2
Suppose -o + 5*o = 16. Let f be (-66)/(-8) + o/(-16). Suppose 4*c = -0 + f. What is the units digit of c?
2
Suppose 3*l - 4*v - v = -100, 2*l + 3*v + 35 = 0. Let t be 12/15 - 1630/l. Suppose -116 = -5*c + 2*c + 4*d, -3*d = 2*c - t. What is the units digit of c?
6
Suppose -9*r = -7*r - 260. What is the hundreds digit of r?
1
Suppose 0*c + 2*c = 5*x - 105, -270 = 5*c - 5*x. Suppose i + 3*p + 102 = 0, 7*i - 3*i = 2*p - 366. Let q = c - i. What is the units digit of q?
8
Let m(d) = 5*d**2 + 71*d + 60. What is the units digit of m(-21)?
4
Let q = 22 - 12. Let o(f) be the second derivative of f**4/6 - 2*f**3 - 19*f**2/2 - 81*f. What is the units digit of o(q)?
1
Let u be -2 - (3 - (-15)/(-3)). Suppose -4*k + 3*k + 100 = u. What is the tens digit of k?
0
Suppose 7 = -t - 137. Let q = 207 + t. What is the tens digit of q?
6
Let n(o) = -9*o + 3. Let m be n(-3). Suppose 0 = 4*i + 12, -z + i + m - 8 = 0. Suppose 2*s - s = 2*f - z, 4*f = -3*s + 33. What is the units digit of f?
9
Let k(s) = -354*s**3 + 3*s + 2. What is the tens digit of k(-1)?
5
Let y = -217 - -35. What is the tens digit of ((-12)/3 + 5)/((-2)/y)?
9
Let j = 1 - -180. Suppose -4*f = -d + f + 13, 3*f = -5*d + 9. Suppose -d*y = 3*u - 7*u + j, y = -u + 40. What is the units digit of u?
3
Suppose 3*y - 25 = -142. Let x be (130/y)/(4/(-6)). Suppose 3*v + 50 = k + 3*k, k + 3*v = x. What is the units digit of k?
1
Suppose -5*f + 